{"id":11,"date":"2015-01-27T11:54:42","date_gmt":"2015-01-27T11:54:42","guid":{"rendered":"https:\/\/avada.theme-fusion.com_demos\/travel\/?page_id=11"},"modified":"2024-08-15T17:01:09","modified_gmt":"2024-08-15T20:01:09","slug":"contato","status":"publish","type":"page","link":"https:\/\/tonhobordao.com\/index.php\/contato\/","title":{"rendered":"Contato"},"content":{"rendered":"<div class=\"fusion-fullwidth fullwidth-box fusion-builder-row-1 fusion-flex-container nonhundred-percent-fullwidth non-hundred-percent-height-scrolling\" style=\"--awb-background-position:left top;--awb-border-sizes-top:0px;--awb-border-sizes-bottom:0px;--awb-border-sizes-left:0px;--awb-border-sizes-right:0px;--awb-border-radius-top-left:0px;--awb-border-radius-top-right:0px;--awb-border-radius-bottom-right:0px;--awb-border-radius-bottom-left:0px;--awb-padding-top:70px;--awb-padding-bottom:75px;--awb-flex-wrap:wrap;\" ><div class=\"fusion-builder-row fusion-row fusion-flex-align-items-flex-start fusion-flex-content-wrap\" style=\"max-width:1216.8px;margin-left: calc(-4% \/ 2 );margin-right: calc(-4% \/ 2 );\"><div class=\"fusion-layout-column fusion_builder_column fusion-builder-column-0 fusion_builder_column_1_2 1_2 fusion-flex-column\" style=\"--awb-bg-blend:overlay;--awb-bg-size:cover;--awb-width-large:50%;--awb-margin-top-large:0px;--awb-spacing-right-large:3.84%;--awb-margin-bottom-large:20px;--awb-spacing-left-large:3.84%;--awb-width-medium:100%;--awb-spacing-right-medium:1.92%;--awb-spacing-left-medium:1.92%;--awb-width-small:100%;--awb-spacing-right-small:1.92%;--awb-spacing-left-small:1.92%;\"><div class=\"fusion-column-wrapper fusion-flex-justify-content-flex-start fusion-content-layout-column\"><div class=\"fusion-title title fusion-title-1 fusion-title-text fusion-title-size-two\" style=\"--awb-margin-bottom:20px;--awb-font-size:26px;\"><div class=\"title-sep-container title-sep-container-left fusion-no-large-visibility fusion-no-medium-visibility fusion-no-small-visibility\"><div class=\"title-sep sep- sep-solid\" style=\"border-color:var(--awb-color3);\"><\/div><\/div><span class=\"awb-title-spacer fusion-no-large-visibility fusion-no-medium-visibility fusion-no-small-visibility\"><\/span><h2 class=\"fusion-title-heading title-heading-left fusion-responsive-typography-calculated\" style=\"margin:0;font-size:1em;--fontSize:26;line-height:var(--awb-typography1-line-height);\">Contate o Tonho<\/h2><span class=\"awb-title-spacer\"><\/span><div class=\"title-sep-container title-sep-container-right\"><div class=\"title-sep sep- sep-solid\" style=\"border-color:var(--awb-color3);\"><\/div><\/div><\/div><div class=\"fusion-text fusion-text-1\"><p>Mande sua ideia para o Tonho!<\/p>\n<\/div><div class=\"fusion-text fusion-text-2\">\n<div class=\"wpcf7 no-js\" id=\"wpcf7-f1878-o1\" lang=\"pt-BR\" dir=\"ltr\" data-wpcf7-id=\"1878\">\n<div class=\"screen-reader-response\"><p role=\"status\" aria-live=\"polite\" aria-atomic=\"true\"><\/p> <ul><\/ul><\/div>\n<form action=\"\/index.php\/wp-json\/wp\/v2\/pages\/11#wpcf7-f1878-o1\" method=\"post\" class=\"wpcf7-form init\" aria-label=\"Formul\u00e1rios de contato\" novalidate=\"novalidate\" data-status=\"init\">\n<fieldset class=\"hidden-fields-container\"><input type=\"hidden\" name=\"_wpcf7\" value=\"1878\" \/><input type=\"hidden\" name=\"_wpcf7_version\" value=\"6.1.2\" \/><input type=\"hidden\" name=\"_wpcf7_locale\" value=\"pt_BR\" \/><input type=\"hidden\" name=\"_wpcf7_unit_tag\" value=\"wpcf7-f1878-o1\" \/><input type=\"hidden\" name=\"_wpcf7_container_post\" value=\"0\" \/><input type=\"hidden\" name=\"_wpcf7_posted_data_hash\" value=\"\" \/>\n<\/fieldset>\n<p><label> Seu nome<br \/>\n<span class=\"wpcf7-form-control-wrap\" data-name=\"your-name\"><input size=\"40\" maxlength=\"400\" class=\"wpcf7-form-control wpcf7-text wpcf7-validates-as-required\" autocomplete=\"name\" aria-required=\"true\" aria-invalid=\"false\" value=\"\" type=\"text\" name=\"your-name\" \/><\/span> <\/label>\n<\/p>\n<p><label> Seu e-mail<br \/>\n<span class=\"wpcf7-form-control-wrap\" data-name=\"your-email\"><input size=\"40\" maxlength=\"400\" class=\"wpcf7-form-control wpcf7-email wpcf7-validates-as-required wpcf7-text wpcf7-validates-as-email\" autocomplete=\"email\" aria-required=\"true\" aria-invalid=\"false\" value=\"\" type=\"email\" name=\"your-email\" \/><\/span> <\/label>\n<\/p>\n<p><label> Assunto<br \/>\n<span class=\"wpcf7-form-control-wrap\" data-name=\"your-subject\"><input size=\"40\" maxlength=\"400\" class=\"wpcf7-form-control wpcf7-text wpcf7-validates-as-required\" aria-required=\"true\" aria-invalid=\"false\" value=\"\" type=\"text\" name=\"your-subject\" \/><\/span> <\/label>\n<\/p>\n<p><label> Sua mensagem (opcional)<br \/>\n<span class=\"wpcf7-form-control-wrap\" data-name=\"your-message\"><textarea cols=\"40\" rows=\"10\" maxlength=\"2000\" class=\"wpcf7-form-control wpcf7-textarea\" aria-invalid=\"false\" name=\"your-message\"><\/textarea><\/span> <\/label>\n<\/p>\n<p><input class=\"wpcf7-form-control wpcf7-submit has-spinner\" type=\"submit\" value=\"Enviar\" \/>\n<\/p><div class=\"fusion-alert alert custom alert-custom fusion-alert-center wpcf7-response-output fusion-alert-capitalize awb-alert-native-link-color alert-dismissable awb-alert-close-boxed\" style=\"--awb-border-top-left-radius:0px;--awb-border-top-right-radius:0px;--awb-border-bottom-left-radius:0px;--awb-border-bottom-right-radius:0px;\" role=\"alert\"><div class=\"fusion-alert-content-wrapper\"><span class=\"fusion-alert-content\"><\/span><\/div><button type=\"button\" class=\"close toggle-alert\" data-dismiss=\"alert\" aria-label=\"Fechar\">&times;<\/button><\/div>\n<\/form>\n<\/div>\n\n<\/div><\/div><\/div><div class=\"fusion-layout-column fusion_builder_column fusion-builder-column-1 fusion_builder_column_1_2 1_2 fusion-flex-column\" style=\"--awb-bg-blend:overlay;--awb-bg-size:cover;--awb-width-large:50%;--awb-margin-top-large:0px;--awb-spacing-right-large:3.84%;--awb-margin-bottom-large:20px;--awb-spacing-left-large:3.84%;--awb-width-medium:100%;--awb-spacing-right-medium:1.92%;--awb-spacing-left-medium:1.92%;--awb-width-small:100%;--awb-spacing-right-small:1.92%;--awb-spacing-left-small:1.92%;\"><div class=\"fusion-column-wrapper fusion-flex-justify-content-flex-start fusion-content-layout-column\"><div class=\"fusion-title title fusion-title-2 fusion-title-text fusion-title-size-two\" style=\"--awb-margin-bottom:20px;--awb-font-size:26px;\"><div class=\"title-sep-container title-sep-container-left fusion-no-large-visibility fusion-no-medium-visibility fusion-no-small-visibility\"><div class=\"title-sep sep- sep-solid\" style=\"border-color:var(--awb-color3);\"><\/div><\/div><span class=\"awb-title-spacer fusion-no-large-visibility fusion-no-medium-visibility fusion-no-small-visibility\"><\/span><h2 class=\"fusion-title-heading title-heading-left fusion-responsive-typography-calculated\" style=\"margin:0;font-size:1em;--fontSize:26;line-height:var(--awb-typography1-line-height);\">Se liga nos \u00faltimos posts<\/h2><span class=\"awb-title-spacer\"><\/span><div class=\"title-sep-container title-sep-container-right\"><div class=\"title-sep sep- sep-solid\" style=\"border-color:var(--awb-color3);\"><\/div><\/div><\/div><div class=\"fusion-post-cards fusion-post-cards-1 fusion-grid-archive fusion-grid-columns-2\" style=\"--awb-dots-align:center;--awb-columns:2;--awb-active-filter-border-size:3px;--awb-filters-height:36px;\"><ul class=\"fusion-grid fusion-grid-2 fusion-flex-align-items-flex-start fusion-grid-posts-cards\"><li class=\"fusion-layout-column fusion_builder_column fusion-builder-column-2 fusion-flex-column post-card fusion-grid-column fusion-post-cards-grid-column\" style=\"--awb-bg-size:cover;--awb-flex-grow:0;--awb-flex-shrink:0;--awb-flex-grow-medium:0;--awb-flex-shrink-medium:0;--awb-flex-grow-small:0;--awb-flex-shrink-small:0;\"><div class=\"fusion-column-wrapper fusion-flex-justify-content-flex-start fusion-content-layout-column\"><div class=\"fusion-image-element \" style=\"--awb-aspect-ratio:3 \/ 2;--awb-caption-title-color:var(--awb-color1);--awb-caption-text-color:var(--awb-color1);--awb-caption-text-size:var(--awb-typography5-font-size);--awb-caption-text-transform:var(--awb-typography5-text-transform);--awb-caption-text-line-height:var(--awb-typography5-line-height);--awb-caption-text-letter-spacing:var(--awb-typography5-letter-spacing);--awb-caption-overlay-color:var(--awb-color8);--awb-caption-title-font-family:var(--awb-typography2-font-family);--awb-caption-title-font-weight:var(--awb-typography2-font-weight);--awb-caption-title-font-style:var(--awb-typography2-font-style);--awb-caption-title-size:var(--awb-typography2-font-size);--awb-caption-title-transform:var(--awb-typography2-text-transform);--awb-caption-title-line-height:var(--awb-typography2-line-height);--awb-caption-title-letter-spacing:var(--awb-typography2-letter-spacing);--awb-caption-text-font-family:var(--awb-typography5-font-family);--awb-caption-text-font-weight:var(--awb-typography5-font-weight);--awb-caption-text-font-style:var(--awb-typography5-font-style);\"><span class=\" fusion-imageframe imageframe-none imageframe-1 awb-imageframe-style awb-imageframe-style-navin has-aspect-ratio\"><a class=\"fusion-no-lightbox\" href=\"https:\/\/tonhobordao.com\/index.php\/2026\/01\/28\/bangkok-templos-comidas-o-que-fazer-etc-tailandia\/\" target=\"_self\"><img decoding=\"async\" width=\"2560\" height=\"1920\" src=\"https:\/\/tonhobordao.com\/wp-content\/uploads\/2026\/01\/IMG_3321-scaled.jpg\" data-orig-src=\"https:\/\/tonhobordao.com\/wp-content\/uploads\/2026\/01\/IMG_3321-scaled.jpg\" class=\"lazyload img-responsive wp-image-3598 img-with-aspect-ratio\" data-parent-fit=\"cover\" data-parent-container=\".fusion-image-element\" alt srcset=\"data:image\/svg+xml,%3Csvg%20xmlns%3D%27http%3A%2F%2Fwww.w3.org%2F2000%2Fsvg%27%20width%3D%272560%27%20height%3D%271920%27%20viewBox%3D%270%200%202560%201920%27%3E%3Crect%20width%3D%272560%27%20height%3D%271920%27%20fill-opacity%3D%220%22%2F%3E%3C%2Fsvg%3E\" data-srcset=\"https:\/\/tonhobordao.com\/wp-content\/uploads\/2026\/01\/IMG_3321-200x150.jpg 200w, https:\/\/tonhobordao.com\/wp-content\/uploads\/2026\/01\/IMG_3321-400x300.jpg 400w, https:\/\/tonhobordao.com\/wp-content\/uploads\/2026\/01\/IMG_3321-600x450.jpg 600w, https:\/\/tonhobordao.com\/wp-content\/uploads\/2026\/01\/IMG_3321-800x600.jpg 800w, https:\/\/tonhobordao.com\/wp-content\/uploads\/2026\/01\/IMG_3321-1200x900.jpg 1200w, https:\/\/tonhobordao.com\/wp-content\/uploads\/2026\/01\/IMG_3321-scaled.jpg 2560w\" data-sizes=\"auto\" data-orig-sizes=\"(max-width: 1024px) 100vw, (max-width: 640px) 100vw, 600px\" \/><div class=\"awb-imageframe-caption-container\"><div class=\"awb-imageframe-caption\"><h3 class=\"awb-imageframe-caption-title\">BANGKOK (templos, comidas, o que fazer etc) &#8211; TAIL\u00c2NDIA<\/h3><p class=\"awb-imageframe-caption-text\">janeiro 28, 2026<\/p><\/div><\/div><\/a><\/span><\/div><\/div><\/li>\n<li class=\"fusion-layout-column fusion_builder_column fusion-builder-column-3 fusion-flex-column post-card fusion-grid-column fusion-post-cards-grid-column\" style=\"--awb-bg-size:cover;--awb-flex-grow:0;--awb-flex-shrink:0;--awb-flex-grow-medium:0;--awb-flex-shrink-medium:0;--awb-flex-grow-small:0;--awb-flex-shrink-small:0;\"><div class=\"fusion-column-wrapper fusion-flex-justify-content-flex-start fusion-content-layout-column\"><div class=\"fusion-image-element \" style=\"--awb-aspect-ratio:3 \/ 2;--awb-caption-title-color:var(--awb-color1);--awb-caption-text-color:var(--awb-color1);--awb-caption-text-size:var(--awb-typography5-font-size);--awb-caption-text-transform:var(--awb-typography5-text-transform);--awb-caption-text-line-height:var(--awb-typography5-line-height);--awb-caption-text-letter-spacing:var(--awb-typography5-letter-spacing);--awb-caption-overlay-color:var(--awb-color8);--awb-caption-title-font-family:var(--awb-typography2-font-family);--awb-caption-title-font-weight:var(--awb-typography2-font-weight);--awb-caption-title-font-style:var(--awb-typography2-font-style);--awb-caption-title-size:var(--awb-typography2-font-size);--awb-caption-title-transform:var(--awb-typography2-text-transform);--awb-caption-title-line-height:var(--awb-typography2-line-height);--awb-caption-title-letter-spacing:var(--awb-typography2-letter-spacing);--awb-caption-text-font-family:var(--awb-typography5-font-family);--awb-caption-text-font-weight:var(--awb-typography5-font-weight);--awb-caption-text-font-style:var(--awb-typography5-font-style);\"><span class=\" fusion-imageframe imageframe-none imageframe-2 awb-imageframe-style awb-imageframe-style-navin has-aspect-ratio\"><a class=\"fusion-no-lightbox\" href=\"https:\/\/tonhobordao.com\/index.php\/2026\/01\/27\/cidade-de-bangkok-introducao-tailandia\/\" target=\"_self\" aria-label=\"IMG_3269\"><img decoding=\"async\" width=\"2560\" height=\"1920\" src=\"https:\/\/tonhobordao.com\/wp-content\/uploads\/2026\/01\/IMG_3269-scaled.jpg\" data-orig-src=\"https:\/\/tonhobordao.com\/wp-content\/uploads\/2026\/01\/IMG_3269-scaled.jpg\" class=\"lazyload img-responsive wp-image-3562 img-with-aspect-ratio\" data-parent-fit=\"cover\" data-parent-container=\".fusion-image-element\" alt srcset=\"data:image\/svg+xml,%3Csvg%20xmlns%3D%27http%3A%2F%2Fwww.w3.org%2F2000%2Fsvg%27%20width%3D%272560%27%20height%3D%271920%27%20viewBox%3D%270%200%202560%201920%27%3E%3Crect%20width%3D%272560%27%20height%3D%271920%27%20fill-opacity%3D%220%22%2F%3E%3C%2Fsvg%3E\" data-srcset=\"https:\/\/tonhobordao.com\/wp-content\/uploads\/2026\/01\/IMG_3269-200x150.jpg 200w, https:\/\/tonhobordao.com\/wp-content\/uploads\/2026\/01\/IMG_3269-400x300.jpg 400w, https:\/\/tonhobordao.com\/wp-content\/uploads\/2026\/01\/IMG_3269-600x450.jpg 600w, https:\/\/tonhobordao.com\/wp-content\/uploads\/2026\/01\/IMG_3269-800x600.jpg 800w, https:\/\/tonhobordao.com\/wp-content\/uploads\/2026\/01\/IMG_3269-1200x900.jpg 1200w, https:\/\/tonhobordao.com\/wp-content\/uploads\/2026\/01\/IMG_3269-scaled.jpg 2560w\" data-sizes=\"auto\" data-orig-sizes=\"(max-width: 1024px) 100vw, (max-width: 640px) 100vw, 1200px\" \/><div class=\"awb-imageframe-caption-container\"><div class=\"awb-imageframe-caption\"><h3 class=\"awb-imageframe-caption-title\">Cidade de Bangkok (introdu\u00e7\u00e3o) &#8211; TAIL\u00c2NDIA<\/h3><p class=\"awb-imageframe-caption-text\">janeiro 27, 2026<\/p><\/div><\/div><\/a><\/span><\/div><\/div><\/li>\n<li class=\"fusion-layout-column fusion_builder_column fusion-builder-column-4 fusion-flex-column post-card fusion-grid-column fusion-post-cards-grid-column\" style=\"--awb-bg-size:cover;--awb-flex-grow:0;--awb-flex-shrink:0;--awb-flex-grow-medium:0;--awb-flex-shrink-medium:0;--awb-flex-grow-small:0;--awb-flex-shrink-small:0;\"><div class=\"fusion-column-wrapper fusion-flex-justify-content-flex-start fusion-content-layout-column\"><div class=\"fusion-image-element \" style=\"--awb-aspect-ratio:3 \/ 2;--awb-caption-title-color:var(--awb-color1);--awb-caption-text-color:var(--awb-color1);--awb-caption-text-size:var(--awb-typography5-font-size);--awb-caption-text-transform:var(--awb-typography5-text-transform);--awb-caption-text-line-height:var(--awb-typography5-line-height);--awb-caption-text-letter-spacing:var(--awb-typography5-letter-spacing);--awb-caption-overlay-color:var(--awb-color8);--awb-caption-title-font-family:var(--awb-typography2-font-family);--awb-caption-title-font-weight:var(--awb-typography2-font-weight);--awb-caption-title-font-style:var(--awb-typography2-font-style);--awb-caption-title-size:var(--awb-typography2-font-size);--awb-caption-title-transform:var(--awb-typography2-text-transform);--awb-caption-title-line-height:var(--awb-typography2-line-height);--awb-caption-title-letter-spacing:var(--awb-typography2-letter-spacing);--awb-caption-text-font-family:var(--awb-typography5-font-family);--awb-caption-text-font-weight:var(--awb-typography5-font-weight);--awb-caption-text-font-style:var(--awb-typography5-font-style);\"><span class=\" fusion-imageframe imageframe-none imageframe-3 awb-imageframe-style awb-imageframe-style-navin has-aspect-ratio\"><a class=\"fusion-no-lightbox\" href=\"https:\/\/tonhobordao.com\/index.php\/2026\/01\/24\/bangkok-tailandia\/\" target=\"_self\" aria-label=\"IMG_3301\"><img decoding=\"async\" width=\"2560\" height=\"1920\" src=\"https:\/\/tonhobordao.com\/wp-content\/uploads\/2026\/01\/IMG_3301-scaled.jpg\" data-orig-src=\"https:\/\/tonhobordao.com\/wp-content\/uploads\/2026\/01\/IMG_3301-scaled.jpg\" class=\"lazyload img-responsive wp-image-3520 img-with-aspect-ratio\" data-parent-fit=\"cover\" data-parent-container=\".fusion-image-element\" alt srcset=\"data:image\/svg+xml,%3Csvg%20xmlns%3D%27http%3A%2F%2Fwww.w3.org%2F2000%2Fsvg%27%20width%3D%272560%27%20height%3D%271920%27%20viewBox%3D%270%200%202560%201920%27%3E%3Crect%20width%3D%272560%27%20height%3D%271920%27%20fill-opacity%3D%220%22%2F%3E%3C%2Fsvg%3E\" data-srcset=\"https:\/\/tonhobordao.com\/wp-content\/uploads\/2026\/01\/IMG_3301-200x150.jpg 200w, https:\/\/tonhobordao.com\/wp-content\/uploads\/2026\/01\/IMG_3301-400x300.jpg 400w, https:\/\/tonhobordao.com\/wp-content\/uploads\/2026\/01\/IMG_3301-600x450.jpg 600w, https:\/\/tonhobordao.com\/wp-content\/uploads\/2026\/01\/IMG_3301-800x600.jpg 800w, https:\/\/tonhobordao.com\/wp-content\/uploads\/2026\/01\/IMG_3301-1200x900.jpg 1200w, https:\/\/tonhobordao.com\/wp-content\/uploads\/2026\/01\/IMG_3301-scaled.jpg 2560w\" data-sizes=\"auto\" data-orig-sizes=\"(max-width: 1024px) 100vw, (max-width: 640px) 100vw, 1200px\" \/><div class=\"awb-imageframe-caption-container\"><div class=\"awb-imageframe-caption\"><h3 class=\"awb-imageframe-caption-title\">BANGKOK (um convite) &#8211; TAIL\u00c2NDIA<\/h3><p class=\"awb-imageframe-caption-text\">janeiro 24, 2026<\/p><\/div><\/div><\/a><\/span><\/div><\/div><\/li>\n<li class=\"fusion-layout-column fusion_builder_column fusion-builder-column-5 fusion-flex-column post-card fusion-grid-column fusion-post-cards-grid-column\" style=\"--awb-bg-size:cover;--awb-flex-grow:0;--awb-flex-shrink:0;--awb-flex-grow-medium:0;--awb-flex-shrink-medium:0;--awb-flex-grow-small:0;--awb-flex-shrink-small:0;\"><div class=\"fusion-column-wrapper fusion-flex-justify-content-flex-start fusion-content-layout-column\"><div class=\"fusion-image-element \" style=\"--awb-aspect-ratio:3 \/ 2;--awb-caption-title-color:var(--awb-color1);--awb-caption-text-color:var(--awb-color1);--awb-caption-text-size:var(--awb-typography5-font-size);--awb-caption-text-transform:var(--awb-typography5-text-transform);--awb-caption-text-line-height:var(--awb-typography5-line-height);--awb-caption-text-letter-spacing:var(--awb-typography5-letter-spacing);--awb-caption-overlay-color:var(--awb-color8);--awb-caption-title-font-family:var(--awb-typography2-font-family);--awb-caption-title-font-weight:var(--awb-typography2-font-weight);--awb-caption-title-font-style:var(--awb-typography2-font-style);--awb-caption-title-size:var(--awb-typography2-font-size);--awb-caption-title-transform:var(--awb-typography2-text-transform);--awb-caption-title-line-height:var(--awb-typography2-line-height);--awb-caption-title-letter-spacing:var(--awb-typography2-letter-spacing);--awb-caption-text-font-family:var(--awb-typography5-font-family);--awb-caption-text-font-weight:var(--awb-typography5-font-weight);--awb-caption-text-font-style:var(--awb-typography5-font-style);\"><span class=\" fusion-imageframe imageframe-none imageframe-4 awb-imageframe-style awb-imageframe-style-navin has-aspect-ratio\"><a class=\"fusion-no-lightbox\" href=\"https:\/\/tonhobordao.com\/index.php\/2025\/08\/24\/amazonas-hotel-de-floresta\/\" target=\"_self\"><img decoding=\"async\" width=\"2048\" height=\"1536\" src=\"https:\/\/tonhobordao.com\/wp-content\/uploads\/2025\/08\/IMG_2739.jpeg\" data-orig-src=\"https:\/\/tonhobordao.com\/wp-content\/uploads\/2025\/08\/IMG_2739.jpeg\" class=\"lazyload img-responsive wp-image-3472 img-with-aspect-ratio\" data-parent-fit=\"cover\" data-parent-container=\".fusion-image-element\" alt srcset=\"data:image\/svg+xml,%3Csvg%20xmlns%3D%27http%3A%2F%2Fwww.w3.org%2F2000%2Fsvg%27%20width%3D%272048%27%20height%3D%271536%27%20viewBox%3D%270%200%202048%201536%27%3E%3Crect%20width%3D%272048%27%20height%3D%271536%27%20fill-opacity%3D%220%22%2F%3E%3C%2Fsvg%3E\" data-srcset=\"https:\/\/tonhobordao.com\/wp-content\/uploads\/2025\/08\/IMG_2739-200x150.jpeg 200w, https:\/\/tonhobordao.com\/wp-content\/uploads\/2025\/08\/IMG_2739-400x300.jpeg 400w, https:\/\/tonhobordao.com\/wp-content\/uploads\/2025\/08\/IMG_2739-600x450.jpeg 600w, https:\/\/tonhobordao.com\/wp-content\/uploads\/2025\/08\/IMG_2739-800x600.jpeg 800w, https:\/\/tonhobordao.com\/wp-content\/uploads\/2025\/08\/IMG_2739-1200x900.jpeg 1200w, https:\/\/tonhobordao.com\/wp-content\/uploads\/2025\/08\/IMG_2739.jpeg 2048w\" data-sizes=\"auto\" data-orig-sizes=\"(max-width: 1024px) 100vw, (max-width: 640px) 100vw, 1200px\" \/><div class=\"awb-imageframe-caption-container\"><div class=\"awb-imageframe-caption\"><h3 class=\"awb-imageframe-caption-title\">AMAZONAS (hotel de floresta)<\/h3><p class=\"awb-imageframe-caption-text\">agosto 24, 2025<\/p><\/div><\/div><\/a><\/span><\/div><\/div><\/li>\n<\/ul><\/div><\/div><\/div><\/div><\/div>\n","protected":false},"excerpt":{"rendered":"","protected":false},"author":1,"featured_media":1869,"parent":0,"menu_order":0,"comment_status":"closed","ping_status":"open","template":"100-width.php","meta":{"footnotes":""},"class_list":["post-11","page","type-page","status-publish","has-post-thumbnail","hentry"],"_links":{"self":[{"href":"https:\/\/tonhobordao.com\/index.php\/wp-json\/wp\/v2\/pages\/11","targetHints":{"allow":["GET"]}}],"collection":[{"href":"https:\/\/tonhobordao.com\/index.php\/wp-json\/wp\/v2\/pages"}],"about":[{"href":"https:\/\/tonhobordao.com\/index.php\/wp-json\/wp\/v2\/types\/page"}],"author":[{"embeddable":true,"href":"https:\/\/tonhobordao.com\/index.php\/wp-json\/wp\/v2\/users\/1"}],"replies":[{"embeddable":true,"href":"https:\/\/tonhobordao.com\/index.php\/wp-json\/wp\/v2\/comments?post=11"}],"version-history":[{"count":20,"href":"https:\/\/tonhobordao.com\/index.php\/wp-json\/wp\/v2\/pages\/11\/revisions"}],"predecessor-version":[{"id":1880,"href":"https:\/\/tonhobordao.com\/index.php\/wp-json\/wp\/v2\/pages\/11\/revisions\/1880"}],"wp:featuredmedia":[{"embeddable":true,"href":"https:\/\/tonhobordao.com\/index.php\/wp-json\/wp\/v2\/media\/1869"}],"wp:attachment":[{"href":"https:\/\/tonhobordao.com\/index.php\/wp-json\/wp\/v2\/media?parent=11"}],"curies":[{"name":"wp","href":"https:\/\/api.w.org\/{rel}","templated":true}]}}